
16
Let u be 54/8 - (-2)/8. Suppose 23 = b - u. Calculate the highest common divisor of 20 and b.
10
Suppose -2*x - t = -273, 0 = x + 2*t - 5*t - 126. Calculate the greatest common factor of 15 and x.
15
Let c(i) = -2*i - 2. Let j be c(-6). Suppose 3*l + j - 52 = 4*m, l + 4*m = 14. What is the highest common divisor of 28 and l?
14
Let v be (33/6)/((-7)/(-42)). Calculate the greatest common divisor of v and 3.
3
Let y(u) = u**2 + u - 1. Suppose f - 4 = 4*z - 0*f, -5*f = -3*z + 14. Let w be y(z). Let v be (-9)/((w/(-2))/1). What is the greatest common factor of v and 6?
6
Suppose -4*g + 5*d = d - 60, g - 4*d = 0. Calculate the highest common factor of 4 and g.
4
Let y be (4 - 3)*-3 + 8. Calculate the greatest common factor of y and 35.
5
Suppose -108 = -2*z - 2*r, -2*r = -z - 5*r + 64. Let f be -1*(-1 - 6) - 0. What is the greatest common divisor of z and f?
7
Suppose 2 - 290 = -12*m. Let d(t) = -2*t**3 - t**2 - 3*t - 2. Let p be d(-2). What is the highest common divisor of m and p?
8
Let c = -21 + 28. What is the highest common factor of c and 28?
7
Let k = 25 - 9. Let i be 237/(-27) + (-2)/9. Let g be (8/(-6))/(3/i). What is the highest common factor of k and g?
4
Suppose 0 = -7*q + 3*q + 116. Calculate the greatest common divisor of q and 29.
29
Suppose 0*o = 3*o - 36. Suppose -99 = -5*h + 441. What is the highest common factor of h and o?
12
Suppose 3*h - 83 = f, 9*h + 85 = 12*h - 2*f. What is the greatest common divisor of h and 189?
27
Let m(b) = -b**2 + 7*b - 5. Let t be m(4). Let p(v) = v**2 + 4*v + 7. Let h be p(-4). What is the greatest common divisor of h and t?
7
Let d be 2 + 0 + 188/2. Let v(b) = -b**3 + 41*b**2 + 181*b - 21. Let j be v(45). Calculate the highest common divisor of d and j.
24
Let q(s) = -2*s - 4. Let v be q(-3). Suppose -v*w + 23 + 5 = 0. What is the greatest common divisor of w and 56?
14
Let a(x) = 3*x - 3. Let u be a(2). What is the greatest common factor of 33 and u?
3
Suppose 1 = -4*q + 109. Calculate the highest common factor of 54 and q.
27
Let h(o) = -14*o. Let k be h(-2). Suppose 0 = 3*w - 6*w + 210. Calculate the highest common divisor of w and k.
14
Suppose 4*v + 5 = -2*q - 9, -4*q - 16 = -4*v. Let b be (12/10)/(v/5). Let o = b + 8. What is the highest common factor of o and 8?
2
Let t = -32 - -60. Suppose 5*q - t = 3*q. Calculate the highest common factor of q and 112.
14
Let w(q) = -q**3 + 4*q**2 + q - 1. Let i be w(4). Let u be ((-4)/(-2) - -2)*i. Suppose 133 = j + 49. What is the greatest common divisor of u and j?
12
Suppose -2*x + u = -4*u + 12, 3*x + 18 = 4*u. Let s be (-1)/x + 332/24. Let r = 27 - s. Calculate the highest common factor of r and 117.
13
Let l = 38 - 13. Suppose 0 = 4*x - 146 - 154. Suppose -4*n = -5*m + 4*m + 30, -5*m = -5*n - x. Calculate the greatest common factor of l and m.
5
Let u be (-18)/(-4)*(-12)/(-9). Suppose 0 = -10*f + 14*f - 16. Calculate the greatest common divisor of f and u.
2
Let u = 57 + -40. Calculate the greatest common factor of 34 and u.
17
Let a(l) = -28*l. Let n be a(-6). What is the greatest common factor of n and 24?
24
Let a be 20/5 - -4*11. Let z(u) = 47*u**2 - 2*u - 1. Let v be z(-1). Let t = -32 + v. What is the greatest common divisor of t and a?
16
Let p be -4*-3*11/6. What is the highest common divisor of p and 2?
2
Suppose 0*j - j + 4*r = 5, -5*r = 5*j - 75. Calculate the greatest common divisor of 11 and j.
11
Let x = 118 - 76. Let a be ((-48)/30)/(2/10). Let s(d) = d**2 + 6*d - 2. Let c be s(a). What is the greatest common divisor of x and c?
14
Let f(m) = 3*m + 19. Let j be f(-3). What is the greatest common factor of 80 and j?
10
Suppose -3*g - 11 = -50. Calculate the greatest common factor of g and 13.
13
Let p be (-4)/18 - 164/(-9). Let k = -17 + p. What is the highest common divisor of 3 and k?
1
Suppose -3*m + 4*m - 18 = 0. Suppose 0 = 3*n - 2*w - 1, w - 3 + 2 = 0. Let h be (3/6 + n)*6. What is the greatest common factor of h and m?
9
Suppose -2 = -3*g + 1. Calculate the greatest common divisor of 11 and g.
1
Suppose -g = 0, -2*g = -5*p + 2*p - 780. Let d = p + 395. Calculate the highest common factor of d and 15.
15
Let r(m) = 2*m - 2*m**2 - 3*m**2 + 16*m**2. Let l be r(2). Suppose 3*n = -2*g + 9, 25 = 4*g + 4*n - 3. Calculate the greatest common divisor of l and g.
12
Suppose -4*k = -2*k - 162. What is the highest common divisor of k and 54?
27
Let n(o) = 2*o**2 - 6*o - 6. Let b be n(7). Let t(p) = p**3 + 7*p**2 + 3*p + 2. Let u be t(-6). Calculate the greatest common factor of u and b.
10
Let z be (-2)/4 + (-11)/2. Let h be (-22)/(-6) - 2/z. Suppose -2*a - 3*a = -5*j + 140, a = h. Calculate the highest common factor of 80 and j.
16
Let b(l) = -2*l - 9*l + l**2 + l**2 - 3. Let m be b(9). What is the greatest common divisor of m and 24?
12
Let y(o) = 25*o - 10. Let a be y(7). Calculate the greatest common divisor of 33 and a.
33
Suppose x = -0*x + 166. Suppose 0 = -5*l - 4*u + x + 310, 5*l = -u + 479. Let m be 0 + 0/1 + 12. What is the highest common factor of m and l?
12
Let s(y) = 25*y - 16*y + 3 + 6. Let j be s(12). Let o(p) = -12*p**3 + 2*p**2 + 2*p + 1. Let h be o(-1). Calculate the highest common divisor of j and h.
13
Let k = -2 + 2. Let z = k - 0. Suppose z = -3*x - 6, -d + 0 - 3 = 2*x. What is the highest common factor of d and 1?
1
Let x(s) = -s**3 - 5*s**2 - 6*s - 6. Let f be x(-4). Suppose f*d = -2*d + 24. Suppose d*r - 10 = r. Calculate the highest common factor of r and 14.
2
Suppose 5*b + 423 + 97 = 0. Let k = -48 - b. Suppose -n + 1 = -6. Calculate the highest common factor of k and n.
7
Suppose 0 = 3*u - 2*u - 5. Let j(s) = 3*s + 39. Let n be j(2). Calculate the highest common factor of n and u.
5
Let b = 75 + -66. Calculate the greatest common factor of b and 1.
1
Suppose 5*p + 4*h - 243 = 0, -2*h + 0*h = 6. What is the highest common factor of p and 408?
51
Suppose -2*f - 9 = -4*x + 15, -16 = -4*x - 2*f. Suppose -3*t = r - 47, -66 = -x*t + 5*r - 1. Calculate the greatest common divisor of 135 and t.
15
Suppose -2*q + 5*q - 72 = 0. Let k be 8 + (-4)/4*2. Calculate the highest common factor of q and k.
6
Let o(x) = 4*x**3 - 3*x**2 + 2*x + 2. Let t be o(2). Calculate the highest common factor of 39 and t.
13
Let y be (-1)/(-1) + 2 - 37. Let l = 17 + y. Let f = l - -25. Calculate the greatest common divisor of 1 and f.
1
Let t = -132 + 244. Let u = 106 - 64. Suppose 0 = -g + 4*g - u. What is the greatest common divisor of t and g?
14
Let f(y) = y + 13. Let b be f(-10). Let a be -6*b*3/(-6). What is the highest common divisor of 9 and a?
9
Let c = 6 + 3. What is the highest common divisor of c and 1?
1
Let f be ((-5)/15)/(-1*4/48). What is the highest common factor of 4 and f?
4
Suppose -5*w - 9 = -24. Suppose w*q + q = 76. Calculate the highest common divisor of q and 19.
19
Suppose -c = -0*c - 2*k - 34, 2*k = 5*c - 162. Let f be (3/(-3) + -16)*1. Let h = 33 + f. What is the greatest common factor of h and c?
16
Let n(s) = s**2 + 8*s + 10. Let l = -18 + 11. Let h be n(l). Suppose 15 = -0*q - 3*q, h*g + q = 37. Calculate the highest common divisor of g and 126.
14
Let b be (-4)/((-12)/(-3)) + 26/2. Calculate the greatest common divisor of 12 and b.
12
Suppose -4 = 4*y, 5*u + 3*y = 2*y + 9. Let i be 101 + (-1 - 4/u). Calculate the greatest common divisor of 14 and i.
14
Suppose -14*w + 654 = 206. Let z(i) = -i**2 + 5*i + 2. Let f be z(3). Calculate the greatest common factor of f and w.
8
Let y(m) = 2*m**2 - 4*m + 2. Let f be y(3). Suppose -7 - 281 = -9*p. What is the highest common factor of f and p?
8
Let f be 121 - (2/6*6 + -1). What is the greatest common factor of 30 and f?
30
Let m(k) = -5*k**3 - 2*k**2 - 2*k - 4. Let r be m(-3). What is the greatest common divisor of r and 17?
17
Let a(j) = j + 1. Let r be a(5). Calculate the greatest common factor of r and 9.
3
Suppose 30*n - 27*n - 72 = 0. What is the greatest common factor of 3 and n?
3
Suppose -2*l - 55 = -7*l. Let t be (-8)/(-36) - (-1182)/27. Calculate the highest common factor of l and t.
11
Suppose -4*x + 8*x - 76 = 0. Let w = 188 - 55. What is the highest common divisor of w and x?
19
Let a = 1 + 1. Let c be (-176)/(-5) - a/10. What is the greatest common divisor of c and 5?
5
Let g = -84 - -118. Let a(s) = -2*s**2 + 14*s + 22. Let v be a(6). What is the 